s divided by 322?
26
What is the remainder when 11921 is divided by 3927?
140
Calculate the remainder when 122 is divided by 98.
24
Calculate the remainder when 284633 is divided by 27.
26
Calculate the remainder when 369 is divided by 10.
9
What is the remainder when 10189 is divided by 57?
43
Calculate the remainder when 1634 is divided by 115.
24
Calculate the remainder when 15257 is divided by 15246.
11
Calculate the remainder when 30204 is divided by 15059.
86
Calculate the remainder when 66447 is divided by 30.
27
What is the remainder when 252296 is divided by 252291?
5
What is the remainder when 30388 is divided by 8?
4
Calculate the remainder when 192182 is divided by 289.
286
Calculate the remainder when 15082 is divided by 443.
20
What is the remainder when 13341 is divided by 4422?
75
What is the remainder when 27150 is divided by 372?
366
What is the remainder when 1599187 is divided by 167?
162
Calculate the remainder when 43724 is divided by 40.
4
Calculate the remainder when 6852 is divided by 2141.
429
What is the remainder when 1274275 is divided by 28?
23
What is the remainder when 12426 is divided by 26?
24
What is the remainder when 7997 is divided by 360?
77
What is the remainder when 252832 is divided by 19?
18
Calculate the remainder when 4697 is divided by 2345.
7
What is the remainder when 29860 is divided by 145?
135
Calculate the remainder when 837 is divided by 167.
2
Calculate the remainder when 38138 is divided by 163.
159
Calculate the remainder when 80761 is divided by 4244.
125
What is the remainder when 54320 is divided by 18105?
5
Calculate the remainder when 21249 is divided by 787.
0
Calculate the remainder when 18316 is divided by 229.
225
Calculate the remainder when 27167 is divided by 278.
201
What is the remainder when 512 is divided by 335?
177
Calculate the remainder when 15658 is divided by 11.
5
Calculate the remainder when 31841 is divided by 292.
13
Calculate the remainder when 139982 is divided by 33.
29
Calculate the remainder when 3203492 is divided by 36.
32
What is the remainder when 243459 is divided by 7?
6
Calculate the remainder when 55654 is divided by 58.
32
What is the remainder when 427000 is divided by 278?
270
What is the remainder when 5326 is divided by 313?
5
What is the remainder when 83445 is divided by 16688?
5
What is the remainder when 254 is divided by 216?
38
Calculate the remainder when 3399 is divided by 1685.
29
Calculate the remainder when 3741 is divided by 438.
237
What is the remainder when 2841 is divided by 153?
87
Calculate the remainder when 14777 is divided by 320.
57
What is the remainder when 7307 is divided by 2352?
251
Calculate the remainder when 3118 is divided by 96.
46
What is the remainder when 40594 is divided by 2387?
15
What is the remainder when 15732 is divided by 15?
12
Calculate the remainder when 6001 is divided by 15.
1
What is the remainder when 4401 is divided by 315?
306
Calculate the remainder when 96896 is divided by 253.
250
Calculate the remainder when 8549 is divided by 1068.
5
What is the remainder when 20288 is divided by 493?
75
What is the remainder when 65230 is divided by 413?
389
Calculate the remainder when 658 is divided by 235.
188
Calculate the remainder when 81590 is divided by 72.
14
Calculate the remainder when 331 is divided by 219.
112
Calculate the remainder when 1645 is divided by 16.
13
Calculate the remainder when 373791 is divided by 93447.
3
What is the remainder when 28392 is divided by 9430?
102
What is the remainder when 858 is divided by 677?
181
Calculate the remainder when 7955 is divided by 2647.
14
Calculate the remainder when 5222 is divided by 1730.
32
What is the remainder when 179457 is divided by 90?
87
Calculate the remainder when 7327 is divided by 47.
42
What is the remainder when 11998 is divided by 444?
10
Calculate the remainder when 1615 is divided by 261.
49
What is the remainder when 63624 is divided by 31809?
6
What is the remainder when 65195 is divided by 69?
59
Calculate the remainder when 20133 is divided by 875.
8
Calculate the remainder when 21650 is divided by 3608.
2
What is the remainder when 3400 is divided by 984?
448
Calculate the remainder when 1117 is divided by 260.
77
What is the remainder when 678415 is divided by 97?
94
Calculate the remainder when 228484 is divided by 166.
68
Calculate the remainder when 9478 is divided by 1811.
423
Calculate the remainder when 85975 is divided by 70.
15
What is the remainder when 293 is divided by 95?
8
Calculate the remainder when 202233 is divided by 55.
53
What is the remainder when 1152857 is divided by 144?
137
Calculate the remainder when 44524 is divided by 518.
494
What is the remainder when 5760 is divided by 1876?
132
Calculate the remainder when 3347669 is divided by 667.
663
What is the remainder when 10983 is divided by 1774?
339
What is the remainder when 3661448 is divided by 1220482?
2
Calculate the remainder when 2757 is divided by 162.
3
What is the remainder when 45 is divided by 24?
21
What is the remainder when 17735 is divided by 377?
16
Calculate the remainder when 5413 is divided by 218.
181
Calculate the remainder when 20207 is divided by 9878.
451
Calculate the remainder when 4843 is divided by 322.
13
Calculate the remainder when 181059 is divided by 2081.
12
Calculate the remainder when 34582 is divided by 32.
22
What is the remainder when 10088 is divided by 348?
344
Calculate the remainder when 1547055 is divided by 19.
18
What is the remainder when 30309 is divided by 15152?
5
What is the remainder when 2385 is divided by 355?
255
What is the remainder when 8690 is divided by 106?
104
Calculate the remainder when 170283 is divided by 17026.
23
Calculate the remainder when 8123 is divided by 25.
23
What is the remainder when 11949 is divided by 657?
123
What is the remainder when 85268 is divided by 30?
8
What is the remainder when 98588 is divided by 49289?
10
What is the remainder when 29248 is divided by 1205?
328
Calculate the remainder when 190565 is divided by 332.
329
Calculate the remainder when 1104 is divided by 22.
4
What is the remainder when 137379 is divided by 21?
18
What is the remainder when 1281 is divided by 25?
6
Calculate the remainder when 1947275 is divided by 6.
5
What is the remainder when 96580 is divided by 498?
466
Calculate the remainder when 148521 is divided by 500.
21
What is the remainder when 7840 is divided by 238?
224
What is the remainder when 45132 is divided by 367?
358
What is the remainder when 12343 is divided by 12326?
17
Calculate the remainder when 158720 is divided by 1744.
16
Calculate the remainder when 8834 is divided by 278.
216
Calculate the remainder when 14383 is divided by 32.
15
What is the remainder when 19459 is divided by 278?
277
What is the remainder when 106632 is divided by 1666?
8
What is the remainder when 1452471 is divided by 12?
3
Calculate the remainder when 951805 is divided by 22.
19
What is the remainder when 8080347 is divided by 150?
147
What is the remainder when 70438 is divided by 568?
6
What is the remainder when 14239 is divided by 944?
79
What is the remainder when 8028 is divided by 7720?
308
What is the remainder when 34584 is divided by 549?
546
What is the remainder when 1507 is divided by 245?
37
Calculate the remainder when 97604 is divided by 655.
9
What is the remainder when 1371 is divided by 658?
55
Calculate the remainder when 17222 is divided by 913.
788
What is the remainder when 6583941 is divided by 328?
325
Calculate the remainder when 20648 is divided by 100.
48
Calculate the remainder when 723 is divided by 355.
13
Calculate the remainder when 828 is divided by 68.
12
Calculate the remainder when 61457 is divided by 1182.
1175
Calculate the remainder when 406908 is divided by 16.
12
Calculate the remainder when 627 is divided by 520.
107
Calculate the remainder when 33092 is divided by 16543.
6
Calculate the remainder when 202274 is divided by 29.
28
What is the remainder when 1856 is divided by 1832?
24
What is the remainder when 386567 is divided by 126?
125
What is the remainder when 3652 is divided by 159?
154
Calculate the remainder when 26031 is divided by 88.
71
What is the remainder when 90765 is di